 0 = -4*v + n + 18. What is the greatest common factor of v and l?
6
Suppose -5*k = 2*q - 3099, -k - 4*q = -3694 + 3049. Calculate the highest common divisor of k and 1.
1
Let g(h) = 4*h + 84*h - 20 - 39 - 11*h. Let o be g(6). Calculate the greatest common factor of 13 and o.
13
Suppose -12 - 60 = -4*p - 4*k, 36 = 2*p - k. Let d be 36 + (0/(-3) - 0). What is the greatest common factor of d and p?
18
Let o = -32 - -68. Suppose o*v - 38*v = -72. Suppose 3*b + 133 = 889. What is the highest common factor of b and v?
36
Let l be (-398)/(-12) - (-7 + -9)/(-96). What is the highest common factor of 8 and l?
1
Let c(w) = 148*w - 19. Let h be c(2). Let k = h - 152. Calculate the greatest common divisor of k and 100.
25
Suppose -19*t + 59*t + 2680 = 0. Let s be 512 + 0 - 67/t. What is the greatest common divisor of 57 and s?
57
Suppose -q - 3*g + 309 = 0, -5*q + 1738 = 4*g + 204. What is the greatest common factor of q and 576?
18
Let q(k) = k**3 + 2*k. Suppose 2*j - 6 - 26 = 0. Suppose 3*f - j + 7 = 0. Let a be q(f). What is the highest common factor of a and 132?
33
Suppose 18*g + 12489 = 8397 + 56688. Calculate the greatest common divisor of 18 and g.
6
Let l be 5042/12 - 2/12. Let q = 277 - l. Let p = q + 253. What is the highest common divisor of p and 10?
10
Let s = -73261 - -73353. Let p(w) = w**3 - 3*w**2 - 4*w + 4. Let x be p(4). Calculate the highest common divisor of x and s.
4
Suppose 20 = 4*t - 2*f, 5*f + 3 = -3*t + 2*f. Let i be (4 - t)/(2/60). Let o be ((-140)/(-25))/((-4)/(-150)). What is the greatest common factor of i and o?
30
Suppose 14*j - 16*j = -4. Suppose -4*b = 16, 0 + 5 = 3*w - j*b. Let p be (w/(-7))/(2/260)*7. Calculate the highest common divisor of 26 and p.
26
Let t(v) = 2*v**2 + 25*v + 4. Suppose -3*h + 52 = -7*h. Let k be t(h). Let l be 67 + (-12)/18 + (-5)/(-3). What is the highest common factor of l and k?
17
Suppose -32*n + 16*n + 141*n = 25500. Calculate the greatest common divisor of n and 1530.
102
Let z be 28 + (2 - 4)/(-1). Let q = 10747 + -10477. Calculate the greatest common divisor of q and z.
30
Suppose 32*k - 488 = 24. Suppose 5*n = -2*f + 987, 5*f - 1484 = 2*f - 4*n. What is the greatest common factor of f and k?
16
Let v = 3411 - 2914. Calculate the greatest common divisor of v and 568.
71
Let v be 3*110/(-15)*(-1)/2. Let a = v - -66. Calculate the greatest common divisor of 44 and a.
11
Let w(k) = -3335*k + 286. Let s be w(-1). Calculate the greatest common divisor of s and 102.
51
Suppose -2*o - 3 = -23. Let q = -154 - -199. Calculate the greatest common factor of q and o.
5
Suppose -15*d + 196 = -d. Suppose -27 = d*l - 15*l. Let o = -90 - -126. What is the highest common divisor of l and o?
9
Suppose 8*a = 6*a. Suppose -4*n + 13*n - 720 = a. What is the greatest common factor of n and 400?
80
Let j = -452 + 1735. Suppose 8*t = 3821 + j. Calculate the greatest common divisor of 58 and t.
58
Let l(u) = 9*u - 29*u**3 - 44 + 13*u**3 - 4*u**2 + 12*u**2 + 15*u**3. Let r be l(8). What is the greatest common divisor of 224 and r?
28
Let w = -1110 - -1545. Calculate the greatest common divisor of w and 360.
15
Let t = -71 - -75. Suppose t*z + 2*h - 29 = -5, 0 = -z - 3*h + 11. What is the greatest common factor of z and 45?
5
Let i(d) = -d + 7. Let p be i(6). Let t be (-1)/((-5)/130*p). Suppose -4*u + t - 6 = 3*w, -5*u + 10 = 0. Calculate the greatest common divisor of w and 8.
4
Suppose 45*i - 83*i - 743 + 2263 = 0. Suppose -2*z + 5*z = v + 299, 5*z + 4*v = 504. Calculate the highest common factor of z and i.
20
Suppose -2967 - 1737 = -16*p. Let m = p + -257. Calculate the highest common factor of 37 and m.
37
Suppose 0 = 3*u + 3*w - 14556, -18*u + 22*u + 5*w = 19405. What is the greatest common divisor of 5 and u?
5
Suppose -2*i - 46 = -4*i - 10. Suppose q = -2*q + 4*a + 2014, 3*q - 1990 = -2*a. What is the highest common divisor of q and i?
18
Let l(c) = 2972*c**2 - 81 - 24*c + 233 - 2973*c**2. Let j be l(-28). Let s = 0 + 5. What is the highest common divisor of s and j?
5
Let v be (-50)/(-26) - (-27)/351. Let j be 43 + (v - 18/(-3)). What is the greatest common factor of 459 and j?
51
Let o = 8868 - 1524. Calculate the highest common divisor of o and 162.
54
Let p(n) = -216*n - 194. Let d be p(-6). Let h = d - 805. What is the highest common divisor of 27 and h?
27
Suppose -r + 158 = 3*c - 4*c, 4*c + 170 = r. Suppose 0 = 14*y - 25*y + r. Let l be y/14 - 8*-2. What is the greatest common factor of 85 and l?
17
Let m = 69121 - 47131. Calculate the greatest common divisor of m and 30.
30
Let b be 6*(-3 - (-31)/3). Suppose 4*y - 180 = 5*g, 5*y + 132 - 303 = 13*g. Calculate the greatest common divisor of y and b.
11
Let s(a) = -a**3 + 31*a**2 - 8*a - 30. Let c be s(30). Suppose -8*b + c = 2*b. Let d = -22 - -43. What is the greatest common factor of d and b?
21
Let h be 21*((-42)/18 + 2 + 10). Calculate the greatest common divisor of h and 2871.
29
Let i = 7279 - 7039. What is the highest common factor of 90 and i?
30
Let d = -127 - -21. Let y = d + 358. Suppose 2*w + x + 51 = 4*w, -10 = -2*x. What is the greatest common factor of w and y?
28
Suppose -5*i - 2261 = -y, 4*y = 8*i + 10387 - 1391. What is the highest common factor of 166 and y?
83
Let v be 20 - (-11033)/68 - (39/12 + -3). What is the highest common divisor of 112 and v?
14
Let x = 5341 - 5166. What is the greatest common divisor of 112 and x?
7
Let y = -333 - -2276. What is the highest common factor of y and 29?
29
Suppose 17696*f = -2*b + 17698*f + 40, -2*b = -5*f - 70. Let c = 168 + -113. Calculate the greatest common factor of b and c.
5
Let o = -857 - -897. What is the highest common factor of 470 and o?
10
Let p be ((-134)/26 + (-248)/(-1612))/(1/(-69)). What is the greatest common divisor of p and 15?
15
Let y(g) = -8 + 20 - 9 - 2*g. Let k be (-12)/(-5)*(-45)/18. Let l be y(k). What is the greatest common divisor of l and 60?
15
Suppose 14*r - 247 - 5 = 0. Suppose -5*j - 60 = -j. Let v = j + r. What is the greatest common factor of 15 and v?
3
Let z be (-50)/300 + 2042/12. Suppose 2*g - z = -106. Calculate the greatest common factor of 144 and g.
16
Let s = 615 - 375. Suppose -3*r - 5*y = -4*y - 360, 2*r - 5*y = s. Suppose 0 = -9*i + 31 + 77. What is the greatest common divisor of i and r?
12
Suppose q - 2 = -0. Let z be 12*(-3)/(-6) - 2. Suppose 5*y - 7*y + 4*h = -48, -z*y + 41 = 3*h. Calculate the highest common factor of q and y.
2
Let s = 9853 - 9125. What is the highest common factor of s and 390?
26
Suppose w + 2*i - 7 = 14, -2*i = -2*w + 24. Suppose l + 298 - 45 = 0. Let o = -88 - l. Calculate the highest common factor of w and o.
15
Let q = 14615 + -11590. What is the greatest common divisor of q and 847?
121
Suppose -4065 = 5*b + 5*r, b + 140 = r - 675. Let i = -796 - b. What is the greatest common divisor of 558 and i?
18
Suppose -3*j = -18, 763*a - 766*a - 5*j = -66. Calculate the highest common divisor of 36576 and a.
12
Suppose 3*v - 6*v + 15 = 0, 3*q - 5*v = 38. Let w = -20 + q. What is the greatest common divisor of w and 7?
1
Suppose 5*k = -5*r + 65, r = 4*k - r - 40. Suppose -k*d - 40 = -117. Suppose 5*i = -0*i + 35. What is the greatest common divisor of i and d?
7
Suppose 6*c + 3 = 9*c. Let k = 40 + -22. Let n be c/(3 - 52/k). Calculate the greatest common divisor of 27 and n.
9
Suppose 5*b - 1230 = -5*f, 4*b - 2*f + 249 = 5*b. Suppose -r + b = 129. What is the highest common divisor of 57 and r?
57
Let w(u) = 49*u**2 + 37*u - 80. Let j be w(2). Calculate the greatest common divisor of 475 and j.
95
Let i be 45/(-6)*112/(-20). Suppose i*v = 35*v - 133. Let b(h) = -h - 7. Let n be b(v). Calculate the highest common divisor of n and 48.
12
Let u = -10696 + 10806. Calculate the greatest common factor of u and 10.
10
Suppose -8*y - 160 = -3*y. Let i = -89 - -67. Let q = i - y. Calculate the highest common divisor of 230 and q.
10
Suppose -53*h = -20*h - 2916 + 375. What is the highest common divisor of 660 and h?
11
Let k(h) = h**3 - 5*h**2 + 6*h - 10. Let t be k(4). Let m be t*2 + (10 - 2). Let s be (-16)/(-12)*(1 + 2). Calculate the highest common factor of s and m.
4
Suppose 20708 = 5*t + f, -t - 4*f + 2321 = -1832. What is the greatest common factor of t and 41?
41
Suppose -8 = -2*d - g, -15 + 2 = -5*d + g. Calculate the 